Let n = -17632 - -41765. List the prime factors of n.
24133
Suppose 0 = 5*u + 25, -5*u - 21 = 6*y - 8*y. Let c(v) = 25*v**2 + 10*v + 14. List the prime factors of c(y).
2, 47
Let k = -946 - -2253. Suppose 0 = -r - 5*h + 534, k = 4*r - 2*h - 763. List the prime factors of r.
3, 173
Let j(n) = -551*n + 124. What are the prime factors of j(-6)?
2, 5, 7
Suppose -85*n + 68*n = 3196. Let b = n - -934. What are the prime factors of b?
2, 373
Let t(j) = 2*j + 17. Let u be t(-7). Let r be (-13)/((7/u)/7). List the prime factors of (-923)/r - 4/6.
23
Let s(x) = 50*x + 1. Let c(u) = -u**2 - 6*u + 3. Let p be c(-6). Suppose -5*i = -20, -2*i = -p*r + i - 6. List the prime factors of s(r).
101
Let d be (6 - 95/15) + (-5)/3. Let z(c) = -15*c**3 - 3*c**2 - 4*c - 2. List the prime factors of z(d).
2, 3, 19
Suppose 15*s - 5*s = 270. Let b = s - 25. Suppose b*r = -p + 190, -5*r = -7*p + 2*p + 950. List the prime factors of p.
2, 5, 19
Let o = -163 - -53. What are the prime factors of (-1 - o/3)*15?
5, 107
What are the prime factors of 96/192 - (-455505)/6?
2, 3, 12653
Suppose -25*z + 325399 = 19474. What are the prime factors of z?
3, 4079
Let u(f) = -7*f**3 - 6*f**2 - 15*f - 62. Let w be u(-8). Let o = w + -2004. What are the prime factors of o?
2, 3, 11, 19
Let w(h) = -h**3 - 31*h**2 - 32*h - 61. Let y be w(-33). Suppose -y - 14288 = -19*n. List the prime factors of n.
919
Let h(g) = -2*g**2 + 38*g - 37. Let c be h(18). List the prime factors of 158*(1 - c - (-3)/(-6)).
3, 79
Let j(d) = -d**3 + 12*d**2 - 8*d + 5. Let z(w) = w**2 + 5*w - 6. Let s be z(2). Let r be j(s). Suppose b - r + 68 = 0. List the prime factors of b.
3, 43
List the prime factors of -3*(91/3)/(17/(-1751)).
7, 13, 103
Let k = -137547 + 192891. What are the prime factors of k?
2, 3, 1153
Let k(l) = 6*l**2 + 3*l + 2. Let o be k(-1). Suppose 0 = -2*s - 5*f + 556, 0 = 3*s + o*f - 1118 + 274. Suppose s = 20*d - 11*d. List the prime factors of d.
2
Suppose -2*h - 2145 = -5*v, 0*v = -5*v + 3*h + 2140. What are the prime factors of v?
431
Let d(s) be the first derivative of -197*s**2/2 + 42*s - 209. What are the prime factors of d(-6)?
2, 3, 17
Let j(f) = 11*f**2 - 835*f + 236. Let c(x) = 2*x**2 - 209*x + 59. Let l(g) = 9*c(g) - 2*j(g). List the prime factors of l(-42).
5, 373
Let x = 1633 + -862. Suppose 5*a = 5*r - 970, -4*a + 3*r - 4*r = x. Let i = -106 - a. What are the prime factors of i?
3, 29
Suppose -26*t - 5*o - 19667 = -27*t, -3*t - 2*o = -58899. What are the prime factors of t?
73, 269
Suppose -4*u + 2 = -3*z, 4*z = -0*u + u + 6. Suppose z*r = -r - 57. What are the prime factors of (-4)/4 - r/1?
2, 3
Let a = 29458 - 22078. What are the prime factors of a?
2, 3, 5, 41
Suppose -3*f = -5*y - 79294, -29*f + 5*y + 132160 = -24*f. List the prime factors of f.
3, 11, 89
Let g(u) = -2*u**3 - u**2 + 24*u - 33. List the prime factors of g(-12).
3, 997
Suppose -9*r = d - 5*r - 4, -r = 5*d - 20. Suppose 0 = d*n - 0*n - 476. List the prime factors of n.
7, 17
Let w(b) = -2*b**2 - 6*b - 2. Let l be w(-4). What are the prime factors of ((5 - 7) + -133)/(3/l)?
2, 3, 5
Let b(f) = f**3 + 19*f**2 + 13*f - 15. Let v be b(-18). Suppose d = h + v, 2*h = 5*d + 8 - 164. Let i = h + 173. List the prime factors of i.
2, 5
Let w = -12064 - -22105. List the prime factors of w.
3, 3347
Let m be 15/5 + 18 + 1. Let o = m + -20. Suppose -o*k = -5*k + 345. List the prime factors of k.
5, 23
Let t(v) = -2*v**3 + 10*v**2 - 12*v + 4. What are the prime factors of t(-9)?
2, 5, 7, 17
Suppose -4*u - 2*o + 142 = -o, 0 = -3*u - 5*o + 98. Suppose -44*c + u*c + 7464 = 0. What are the prime factors of c?
3, 311
List the prime factors of 5/((361467/(-60252) + 6)*12/9).
5021
Suppose 0 = -3*h - n + 1469, h + 4*n = -2*h + 1484. Let r = h + -208. Let k = r + -136. What are the prime factors of k?
2, 3
Suppose -j - 3*p = -38, -3*j - 2*p + 216 = 2*j. Let f = j + -44. Suppose f = -9*z + 3*z + 714. What are the prime factors of z?
7, 17
What are the prime factors of (825/(-15))/(-11) - 12560*(-15)/6?
5, 11, 571
Suppose 229 = -4*x - 115. Suppose -12*w = 20*w - 5792. Let p = w + x. List the prime factors of p.
5, 19
Suppose -276103 - 178909 = -38*o - 65208. List the prime factors of o.
2, 23, 223
Suppose 1102 = 2*t - 320. Suppose -w + p = 4 - 249, -5*p = 3*w - t. List the prime factors of w.
2, 11
What are the prime factors of ((-50)/(-20) - 3) + (-3)/(18/(-51897))?
3, 31
Suppose -q + 0*q + 9436 = -5*w, q - 9436 = 3*w. What are the prime factors of q?
2, 7, 337
Suppose -12 = -4*t - 4. Let j be 0/((t/2)/((-5)/10)). Suppose -5*x + 1200 = -j*x. List the prime factors of x.
2, 3, 5
Suppose -360 = 5*o - 4*m, -3*o + 0*o = 5*m + 179. Let s = o - -30. Let g = s + 75. What are the prime factors of g?
37
Let k(w) be the first derivative of -w**4/12 + 7*w**3/2 - w**2/2 - 14*w - 4. Let a(p) be the first derivative of k(p). List the prime factors of a(8).
103
Let z be (10 - 12)*2/(-4). Let g be 40/(-4) + (z - 1). Let s = g + 53. What are the prime factors of s?
43
What are the prime factors of 33/(66/(-4))*-2215?
2, 5, 443
Let o be 66/16 - 3/24. Let v be ((-86)/8 - 1/o)*29. Let p = v - -536. List the prime factors of p.
7, 31
Let j(p) = -2*p**3 - 15*p**2 - 17*p + 37. Let t = -655 + 646. What are the prime factors of j(t)?
433
Suppose -5*i + 126132 = -5*a - 33143, a = 7. List the prime factors of i.
2, 89, 179
Let w(x) = x**2 + 7*x + 2. Let h be w(-6). What are the prime factors of h/56*-6 - 662/(-7)?
5, 19
Suppose 0 = 2*b + 2*q - 31734, b = 477*q - 475*q + 15888. List the prime factors of b.
2, 7937
Suppose 9*h + 15*h = 19*h + 112985. List the prime factors of h.
59, 383
Suppose 126617 = 4*w - 5*o, 53*w - 48*w - o - 158308 = 0. What are the prime factors of w?
31663
Suppose -349683 = -102*q + 826377. List the prime factors of q.
2, 5, 1153
Let o(p) = -p**3 + 24*p**2 + 44*p - 61. What are the prime factors of o(25)?
2, 3, 23
Let o = -2407 - -4215. List the prime factors of o.
2, 113
Suppose 74 = -4*k + 5*h, -4*k + h + 20 = 102. List the prime factors of ((-1017)/(3/1))/(k/14).
2, 113
Let f(q) = -q**2 - 15*q - 30. Let x be f(-13). Let l(k) = 5*k + 12. Let t be l(x). What are the prime factors of t/((-38)/(-42) + 2 + -3)?
2, 3, 7
Let k = -10762 - -16470. What are the prime factors of k?
2, 1427
Let v(w) = 5*w**2 - 24*w - 81. Let n(c) = 9*c**2 - 50*c - 162. Let l(g) = 6*n(g) - 11*v(g). List the prime factors of l(-26).
179
Let n(g) = -3*g**3 - 8*g**2 - g - 10. Let t be n(-7). Suppose 828 = 17*h - t. What are the prime factors of h?
2, 43
Let j(t) = 5*t + 19. Let z be j(-7). Let u(o) = -o**3 - 16*o**2 - 2*o - 30. Let p be u(z). Suppose -8*a - p*a + 1620 = 0. List the prime factors of a.
2, 3
Suppose -3*z + 4 = -4*z, -4*z - 16 = -q. Let x(k) = -2*k**2 - 4*k + 424. What are the prime factors of x(q)?
2, 53
Suppose 8*t - 4*z = 48746 + 28462, 0 = 4*t + 3*z - 38614. What are the prime factors of t?
2, 19, 127
Let g(b) = 5*b**2 + 20*b - 339. List the prime factors of g(-29).
2, 31, 53
Let p be 4*527 - (-7 + 4). Let x = p - 1195. What are the prime factors of x?
2, 229
Let k = -16888 - -62732. What are the prime factors of k?
2, 73, 157
Suppose -326*l = -316*l + 3190. List the prime factors of -8 - (l + 16 + -9).
2, 19
Suppose 6945 = 19*g - 13727. List the prime factors of g.
2, 17
Let f = -22 + -6. Let w = -24 - f. Suppose -o = -w*o + 252. List the prime factors of o.
2, 3, 7
Let f = 47667 + -2555. What are the prime factors of f?
2, 5639
Let a(j) be the third derivative of -j**5/60 + j**4/4 + 20*j**3/3 + 8*j**2. Let x be a(0). List the prime factors of (126/105)/(3/x).
2
Let z(n) = -n**3 + 2*n**2 + 16*n - 3. Let d be z(5). List the prime factors of 48/(-12) + 3 + 1024/d.
7, 73
Let q(b) = -2*b + 59. Let a be q(27). Suppose -5*f + 7 = 2, x + a*f - 311 = 0. List the prime factors of x.
2, 3, 17
Suppose -59 = -5*v - 9. Let q = -10 + 2. Let a = q + v. List the prime factors of a.
2
Let p(v) = 3*v**2 - 3*v - 71. Let q be p(-16). Suppose -326 = -3*x + q. List the prime factors of x.
3, 7, 17
Suppose 5*q = 2*f - 6, 5*f - q - 4*q = 15. Suppose f*s = -11*y + 7*y + 504, 143 = y + 5*s. What are the prime factors of y?
3, 41
Suppose 2*z - 16 = -2*a, 2*z - 4*a + 35 = 7*z. Let o be (z + -4)/((-5)/610). Suppose d = 56 + o. List the prime factors of d.
2, 89
Let u be -5*6/75*-